factors of d.
2, 3, 7
What are the prime factors of (1 + -7)/(-2) + -13*(-13 + -1228)?
2, 2017
Let z(b) = -5073*b + 2412. List the prime factors of z(-4).
2, 3, 11, 43
Suppose 44648 = 2*p - 18*j + 23*j, 2*j + 8 = 0. What are the prime factors of p?
2, 13, 859
Let t = 120 + -216. Let i = t - -241. List the prime factors of i.
5, 29
Suppose 44 - 10 = -17*v. Let l(p) = -26*p**2 - 2*p - 1. Let g(q) = -77*q**2 - 6*q - 4. Let m(f) = -6*g(f) + 17*l(f). List the prime factors of m(v).
83
Let y = -5426 - -13730. List the prime factors of y.
2, 3, 173
Let i(p) = -132*p**3 - 5*p**2 + 15*p + 6. What are the prime factors of i(-4)?
2, 4157
Let g(u) = -u**3 - 7*u**2 - 8*u + 8. Let z be g(-5). List the prime factors of 410 - ((-6)/18 + z/3).
3, 137
Suppose 2*y = 11*y - 1026. Let h = y + 138. List the prime factors of h.
2, 3, 7
Let p(s) = -379*s - 3320. List the prime factors of p(-24).
2, 19
Let i = -61657 + 110836. What are the prime factors of i?
3, 13, 97
Let h = -14 - -2. List the prime factors of -432*(-4 - h)*1/(-6).
2, 3
Let v(b) = -b**3 - 8*b**2 - 40*b + 14. Let g be (-1)/(-10) - (-2057)/(-170). What are the prime factors of v(g)?
2, 5, 107
Suppose 3*u + 0*u - 93 = 0. Suppose i - u = -5*t, -6*t = 3*i - t - 43. What are the prime factors of i/(-12) + (-61)/(-2)?
2, 3, 5
Suppose 4*r = 3*u, -4*u - 2*r = -2*u. Suppose -4*f - 2*x + 1548 = -u*x, x - 1162 = -3*f. Suppose 3*g + g = f. List the prime factors of g.
97
Suppose -165*h = 1351685 - 1679786 - 1798254. What are the prime factors of h?
7, 263
Suppose -x - 11 = -10. Suppose -2*y = -33 - 7. List the prime factors of 190*(-8)/y*x.
2, 19
Let i = -3299 + 5757. List the prime factors of i.
2, 1229
Suppose -d - 5*m = -73, -2*d - 7 = 5*m - 143. Let g = d + -61. Suppose 2*b = g*w + b - 61, 9 = 3*b. List the prime factors of w.
2
What are the prime factors of ((-4)/(-10) - 1786/190) + 11107?
2, 31, 179
Let g = -191 + 190. List the prime factors of -324*(3 + -3 + g).
2, 3
Suppose -h - 2*m + 5554 = 0, 2*h = 5*m + 9707 + 1347. List the prime factors of h.
2, 17, 163
Suppose 0 = l + 2*l - 15. Suppose 2*s - 5*y - 59 = 0, l*s + 0*y - 185 = 5*y. List the prime factors of (-21)/s - (-174)/4.
43
Suppose 3*a + 11325 = 3*j - 2*a, 18837 = 5*j - 2*a. What are the prime factors of j?
3, 5, 251
Suppose -4*c + 5*g + 87 + 42 = 0, -5*g - 155 = -5*c. Suppose -666 = c*y - 12964. What are the prime factors of y?
11, 43
Let i(u) = 21739*u**3 - 6*u**2 + 25*u - 20. What are the prime factors of i(1)?
2, 3, 3623
Let j = -299 - -303. Suppose -v + 3261 = -15*d + 17*d, -j*d = 5*v - 6519. What are the prime factors of d?
7, 233
Let h be (-46)/(22/4 + -5). What are the prime factors of h/(-138) - (-104)/6?
2, 3
Let s = 64647 - 27962. List the prime factors of s.
5, 11, 23, 29
Suppose -u - 2899 = -20*r + 19*r, 2*u = -r + 2893. What are the prime factors of r?
2897
Let q(y) = y**3 + 12*y**2 + 18*y + 3. Let a be q(-13). Let n = a + 207. Let v = n - -389. What are the prime factors of v?
2, 7
Let w = 8282 + 31523. What are the prime factors of w?
5, 19, 419
Let t = 249 - 253. Let w(r) = 20*r**2 + 5*r + 5. What are the prime factors of w(t)?
5, 61
Let c(t) = -265*t + 3242. List the prime factors of c(-58).
2, 3, 11, 47
Let o = -3 + 7. Suppose 102 = 63*h - 87. Suppose 26 = -h*g + o*g. List the prime factors of g.
2, 13
Let g = -667 + 389. Let w = -269 - g. List the prime factors of w.
3
Suppose -82*r = -4817993 + 1262555. What are the prime factors of r?
3, 97, 149
Suppose 8*w = 7041 + 19431. List the prime factors of w.
3, 1103
Suppose -2*i - 86*s + 91*s + 43010 = 0, 43010 = 2*i - s. List the prime factors of i.
5, 11, 17, 23
What are the prime factors of ((-2231)/46)/(1 + (-247)/246)?
3, 41, 97
Suppose 5*p - 11850 = -5*h + 10*p, p = 2*h - 4742. List the prime factors of 46/207 + h/18.
2, 3, 11
Let x = 98 + -97. List the prime factors of (20/5 - 11)*(-34 + x).
3, 7, 11
Let s = 285 + -262. Suppose -s*q + 21*q = -220. List the prime factors of q.
2, 5, 11
Let y(u) be the first derivative of 40*u - 13/2*u**2 - 20 + 1/3*u**3. List the prime factors of y(14).
2, 3
Let m be (-1)/(4/(-558)) + 6/4. Suppose 2*y + 82 = -4*c, 5*c - y + m - 56 = 0. List the prime factors of 3/c*4*1179/(-6).
131
Let u(n) = n**2 - 8*n - 68. Suppose 0 = 11*y + 8*y + 513. List the prime factors of u(y).
877
What are the prime factors of 1/2*(39 - 25) + -2 + 3046?
3, 113
Suppose -83 - 100 = -3*k. Suppose 4*y - 1989 = -k. List the prime factors of y.
2, 241
Let k(n) = 108*n + 6047. What are the prime factors of k(-36)?
17, 127
Let a = -9836 + 21563. What are the prime factors of a?
3, 1303
Let n = -3259 - -6035. What are the prime factors of n?
2, 347
Let p(i) = i**3 + 36*i**2 + 39*i + 143. Let c be p(-35). Let d(w) = 79*w**3 - 3*w**2 + 8*w - 34. List the prime factors of d(c).
2, 131
What are the prime factors of -12451*(-10)/(11 - 1)?
12451
Let p(j) = 8*j**2 - 10*j - 7. Let h(v) = -v - 1. Let f(c) = 6*h(c) - p(c). Let d be f(-5). What are the prime factors of 4/(-2 - d/72 - 1)?
2, 3
Let f(b) = -3*b**3 - 120*b**2 - 68*b - 164. List the prime factors of f(-43).
3, 29, 223
Suppose -380 = 28*j - 29*j. Suppose -2*l + 2 = -2*f - 0, -5*l + 7 = -4*f. Suppose -4*q + j = 4*v, -q - l*v = -4*v - 99. What are the prime factors of q?
97
Let v(g) = -g**3 - 6*g**2 + 3*g - 22. Let d be v(-7). Suppose -4*k = -d*k + 10. Let m = k - -31. What are the prime factors of m?
2, 3
Suppose 190 + 14759 = 11*k. Let a = k + -813. What are the prime factors of a?
2, 3, 7, 13
Let n(z) be the third derivative of 0*z + 10*z**2 + 0 - 1/3*z**3 + 11/24*z**4. What are the prime factors of n(6)?
2
Let m = 2 - -28. Let z be 17/5 + 18/m. Suppose -5*a + 1280 = -z*k, 761 = 3*a + k - 2*k. List the prime factors of a.
2, 3, 7
Suppose -55*x + 57*x = -444. Let z = 781 + x. List the prime factors of z.
13, 43
List the prime factors of (-1518600)/(-28) + -1 - (-8)/56*2.
5, 10847
Suppose -13*p - 13 = -39. Suppose -4*y = -z - 5070, 2544 = p*y + 47*z - 43*z. What are the prime factors of y?
2, 317
Suppose -33*s = -22*s - 17*s + 192714. What are the prime factors of s?
32119
Suppose 723061 = -34*m + 2704547. What are the prime factors of m?
13, 4483
Suppose 10*t - 9*t - 20 = 5*d, -3*t + 27 = -4*d. What are the prime factors of 3*(5 + 16/d) + 704?
19, 37
Suppose v + 3 = 0, 3*k + 47*v - 49*v - 17037 = 0. List the prime factors of k.
7, 811
Suppose 0 = 44*k + 14*k - 489694. List the prime factors of k.
8443
Suppose 30 = -16*y + 6*y. What are the prime factors of (y - 39/9)*(-138)/4?
11, 23
Let j(h) be the first derivative of 17*h**3/6 + 24*h - 8. Let d(b) be the first derivative of j(b). What are the prime factors of d(1)?
17
Let o(u) = -u**2. Let y(d) = -12*d**2 - 12*d + 81. Let f(z) = 6*o(z) - y(z). What are the prime factors of f(5)?
3, 43
Suppose 2*l = o - 3*o + 50, 0 = 4*o - l - 80. Suppose -o*d + 7*d = -17514. List the prime factors of d.
3, 139
Let a = 1024 - -5218. List the prime factors of a.
2, 3121
Let m be (-2)/(-3) - 26312/138. Let o = m + 253. List the prime factors of o.
3, 7
Let j(w) = w**3 + 116*w**2 - 64*w - 220. List the prime factors of j(-115).
5, 4073
Let o(f) = f**3 - 10*f**2 + 153*f + 116. List the prime factors of o(27).
2, 5, 13
Suppose -5*x - 2145 = 8*x. Let c = x - -263. Suppose -c = -s + 82. List the prime factors of s.
2, 3, 5
Suppose -14*h + 111307 + 78926 - 28141 = 0. List the prime factors of h.
2, 7, 827
Let x(v) = v**2 - 11*v - 16. Let f be x(13). Suppose -w - 2*b + 794 = 0, -f*b - 3979 = -5*w - 11*b. What are the prime factors of w?
2, 199
Let l = 337 - 373. What are the prime factors of -1 + -2 - (5 + l)?
2, 7
Suppose -6*p + 5*p = 0. Suppose -1 = j - 4. Suppose -2*b = -2*w - p*w + 138, -232 = -j*w - 2*b. What are the prime factors of w?
2, 37
Let t = 114 - 34. Suppose 0 = -96*g + t*g + 19968. List the prime factors of g.
2, 3, 13
Let d = -425 + 878. Let o = 717 - d. What are the prime factors of o?
2, 3, 11
Suppose -3*m = 20 - 20. Suppose -2*o = -2*b + 496 + 100, m = 5*o - b + 1498. Let i = o - -519. What are the prime factors of i?
3, 73
Let d = -47 + 47. Let m = 3 + d. Suppose m*r + 5*s = 166, -3*r - 29 = 4*s - 199. What are the prime factors of r?
2, 31
Let j(f) = -4*f**2 - 12*f + 1. Let o(i) = -i + 2. Let y be o(8). Let p(u) = u + 1. Let h(v) = y*p(v) - j(v). List the prime factors of 